f n.
2, 5, 7
Let i = -256 - -163. Let l = 232 - i. List the prime factors of l.
5, 13
Suppose 5*s + 92 = -3. Let i(p) = -p**3 - 20*p**2 - 20*p + 24. Let k be i(s). Let o = -40 + k. List the prime factors of o.
3
Let a be (-4)/(-22) + 204/(-33). List the prime factors of 114/(-95)*170/a.
2, 17
What are the prime factors of 27/(-297)*-394361 + 23?
2, 3, 1993
Suppose -4*i + 3*w + 236600 - 32250 = 0, -10*w - 153216 = -3*i. What are the prime factors of i?
2, 53, 241
Let c(z) = 1217*z**2 + 8*z - 34. List the prime factors of c(6).
2, 17, 1289
Let y = -129 - -118. Let w(c) = 0*c**2 + 2 - 4*c**2 + 3*c**2 - 3*c - 8*c. What are the prime factors of w(y)?
2
Suppose -600 - 1524 = -4*x. Let c = 753 - x. Suppose 2*q - c = -4*q. List the prime factors of q.
37
Let k(r) = 14*r**2 + 2*r - 74. Let w(b) = b. Let d be w(7). What are the prime factors of k(d)?
2, 313
Let j(f) = -34*f**3 - 15*f**2 - 45*f + 14. What are the prime factors of j(-4)?
2, 3, 5, 71
Let p(k) = 11*k**3 + 23*k**2 - 45*k + 9. List the prime factors of p(15).
2, 3, 257
Let l(j) = -8*j**3 + 2*j**2 + j - 3. Let n be l(1). Let r(z) = 5*z**2 + 7*z + 51. List the prime factors of r(n).
3, 5, 7
What are the prime factors of ((-7570)/45)/(9/(-324))?
2, 757
Suppose -773*b + 6 = -770*b. Suppose -5*u = -2*q - 1581, -2*u - b*q + 7*q = -624. List the prime factors of u.
317
Let y(x) = 5*x - 4. Let d be y(2). Let z = -104 + 118. Suppose 0 = d*v - z*v + 96. What are the prime factors of v?
2, 3
Suppose -3654 - 2190 = -10*y + 1146. List the prime factors of y.
3, 233
Let t(v) = -v**3 + 13*v**2 - 3*v + 24. Let z be t(13). Let w be ((-9)/z)/(16/(-20) + 1). Suppose 250 = w*d - 71. What are the prime factors of d?
107
Let c(t) = -169*t**2 - 2*t + 5. Let z(o) = 2*o**2 + o - 1. Let f(w) = -c(w) - 2*z(w). List the prime factors of f(2).
3, 73
Let g be (-3 - (1 - 3))/(11/8459). Let p = 433 - g. List the prime factors of p.
2, 601
Let x = -327 - -1298. Suppose -8049 - x = -11*a. List the prime factors of a.
2, 5, 41
Let w = 44 + -26. Let v = w + -18. Suppose o - 2*j + 89 - 263 = v, 4*o - 2*j - 720 = 0. What are the prime factors of o?
2, 7, 13
Let c be -1425*((-2)/(-12) + (-15)/18). Let w = c + -92. List the prime factors of w.
2, 3, 11, 13
List the prime factors of (1107 + -6)/(6/134).
67, 367
Let k = 15332 + 19008. List the prime factors of k.
2, 5, 17, 101
Let q(v) = 89*v**3 + 7*v**2 - 76*v + 364. What are the prime factors of q(8)?
2, 11443
Let v = -143 + 164. Suppose v*b + 1536 = 25*b. List the prime factors of b.
2, 3
Let i = -38 + 115. Suppose 94 = -0*l - 2*l - o, -l = -5*o + 25. Let b = l + i. List the prime factors of b.
2
Let p = 268 + -38. Suppose -5*r + 3710 = -p. What are the prime factors of r?
2, 197
Let i(y) = -y**3 - 37*y**2 + 36*y + 124. Let h be i(-38). Suppose h*n - 2135 = 195*n. What are the prime factors of n?
7, 61
Let k = 56 + -56. Suppose -2*r = f + 8, k*r - r = -5*f + 15. Suppose -2*s = -c + 12, -7*c + 2*c - f*s = -12. List the prime factors of c.
2
Let j = 17246 + -5131. What are the prime factors of j?
5, 2423
Let v = 13119 - -825. List the prime factors of v.
2, 3, 7, 83
Let b(i) = -5*i + 2. Let c be b(-3). Suppose 21 = 5*r + u - c, 2*u + 20 = 2*r. What are the prime factors of 42/r + (-3)/12?
5
Let q(d) = -2*d**3 - 191*d**2 + 154*d + 379. List the prime factors of q(-99).
2, 5, 2687
What are the prime factors of (-11*2)/(438282/(-27391) + 16)?
7, 11, 43
Let g(j) = 2*j**2 + 6*j - 27. Let k be g(3). Suppose 4*b = 7*b - k, -b = -n + 80. List the prime factors of n.
83
Let f(c) be the second derivative of 25*c**3/2 + 31*c**2/2 + 102*c. What are the prime factors of f(5)?
2, 7, 29
Let r(c) = 141*c**2 - 12*c + 3*c + 2 - 3 + 8*c. Let z(x) = x**2. Let b(w) = r(w) + z(w). List the prime factors of b(1).
2, 5, 7
Let n be 1 - -2*(-1)/2. Let g(w) = -13 + 5*w + 116 - 39 + 88. What are the prime factors of g(n)?
2, 19
Let j(c) = -55*c**2 + 10*c - 18. Let i(v) = -54*v**2 + 11*v - 17. Let r(k) = 4*i(k) - 5*j(k). List the prime factors of r(3).
5, 107
Let f(c) = -c - 1. Let b(v) = -3*v**2 - 4*v - 11. Let s(o) = -b(o) + 5*f(o). Let q be s(-4). List the prime factors of 0/(2 - 4) + q.
2, 29
Suppose 0*v - 3*v = 0. Suppose 0 = -51*r + 57*r - 696. Suppose v = 5*d - d - r. What are the prime factors of d?
29
Let f(v) = 57*v**2 + 10*v + 19. Let w be f(-2). Let p = w - 164. What are the prime factors of p?
3, 7
List the prime factors of ((-138)/8)/((-47)/15228).
3, 23
List the prime factors of 6/(-1 + -1)*(-791 + -10407).
2, 3, 11, 509
Let a(b) = 43*b + 38. Let q be a(5). Suppose -4*f + 3*f + q = 3*k, 0 = -f - 2. List the prime factors of k.
5, 17
Let v(y) = -4*y + 36. Let n be v(8). Let m(s) = -4*s - 2 + 6*s - n - 11*s. What are the prime factors of m(-10)?
2, 3, 7
Let g = 5639 - 1296. List the prime factors of g.
43, 101
Let q(x) = -12*x - 17. Let k be q(5). Let j be (-3 - k) + (-2 - (-3 + 1)). Let a = j - 32. What are the prime factors of a?
2, 3, 7
Suppose 3230 = b + 3*x, -5*b - 16055 = -10*b + 4*x. Let v = b + -2066. What are the prime factors of v?
3, 383
Let n(v) = -v**3 + 6*v**2 - 4*v - 2. Let r be n(2). Suppose -11 + r = 5*q, q + 3286 = 3*a. What are the prime factors of a?
3, 5, 73
Suppose 16 = o - 5*a, 0*o = 5*o + 3*a - 220. Suppose 9*w - o - 13 = 0. List the prime factors of (w/12)/(3/12) + 187.
3, 7
Let q = -5333 + 11274. What are the prime factors of q?
13, 457
Let j(o) = 4*o + 9*o - 128 - o**3 + 150 - 7*o**2. List the prime factors of j(-10).
2, 3
Suppose 0 = -4*s + 2*r + 8, 5*s + 3 - 13 = 2*r. Let u(i) = i**s - 2*i + i - 5*i + 7. What are the prime factors of u(5)?
2
Let h = 15 - -2. Suppose h = -a + 19. Suppose -2*z + u + 4*u = -140, -a*z = -3*u - 132. What are the prime factors of z?
2, 3, 5
Let o(v) = -19*v + 17. Let d be o(0). Let l(y) = -y**2 + 57*y - 36. What are the prime factors of l(d)?
2, 7, 23
Suppose 0 = -4*h - 12, 2*h + 5362 = 5*b - 10504. Suppose 10*k + 2*x = 6*k + b, 0 = 4*k - 2*x - 3188. What are the prime factors of k?
3, 5, 53
Suppose 5*h + 4*i - 133 = -0*i, i + 61 = 2*h. Suppose 686 = -h*o + 4224. List the prime factors of o.
2, 61
Let s = -2122 + 6363. List the prime factors of s.
4241
Let k = -202 - -190. What are the prime factors of k/114 + (-26340)/(-57)?
2, 3, 7, 11
Let m(i) = 10*i + 38. Suppose 30 = t + 4*t. List the prime factors of m(t).
2, 7
Let f = 178 - 181. Let a(g) = -3*g**3 - g**2 + g + 12. List the prime factors of a(f).
3
Let f = 13 - 10. Suppose i - 198 = 5*y - 31, f*y + 175 = i. Let l = i + -91. What are the prime factors of l?
2, 3
Let p(c) = -8*c**2 - 840*c - 6. What are the prime factors of p(-97)?
2, 7, 443
Suppose 11*l + 3074 = -3383. Let q = 1020 + l. List the prime factors of q.
433
Let f be ((-5)/(25/(-3)))/((-1)/(-15)). Let v = f + -21. Let c(n) = -5*n - 1. List the prime factors of c(v).
59
Suppose 0 = -57*y - 5851 + 304246. List the prime factors of y.
3, 5, 349
Let d be (-540)/((-1)/2 + -1). Suppose 12*m = -d + 1464. List the prime factors of m.
2, 23
Let a(z) = z**3 - 38*z**2 - 94*z + 117. What are the prime factors of a(53)?
2, 5, 3727
Let d(n) = 4*n - 36. Let t(x) = 1. Let k(p) = -2*d(p) - 72*t(p). Let m be k(-1). Suppose -7*o - 74 = -m*o. List the prime factors of o.
2, 37
Let u(z) = 118*z**2 - 49*z - 1043. List the prime factors of u(-15).
2, 13121
Let l = -138 - -143. Let i(g) be the second derivative of 5*g**3/6 + 9*g**2/2 + 6*g. List the prime factors of i(l).
2, 17
Let q be (-459 - -13)/(1/(-6) + 0). Let f = -1686 + q. What are the prime factors of f?
2, 3, 5, 11
Let m = -53 - -117. Suppose 60*a - m*a = -980. What are the prime factors of a?
5, 7
Let n = -11258 + 16289. List the prime factors of n.
3, 13, 43
Suppose 2389 = -235*f + 237*f + 3*c, 2*f - 4*c = 2368. What are the prime factors of f?
2, 5, 7, 17
Let c be 241*1/(2 + (-25)/10). Let x = 1235 + c. What are the prime factors of x?
3, 251
Suppose 2*f + 75894 = 2*f + 7*f. List the prime factors of f.
2, 3, 13, 139
Let k = -90 + 93. Suppose 0 = -5*g - k*z + 2149, -2*z = 5*g - 5*z - 2161. List the prime factors of g.
431
Suppose 14*p = 4*p - 3050. Let f = -239 - p. What are the prime factors of f?
2, 3, 11
Suppose 0*j = 7*j + 17*j - 92592. List the prime factors of j.
2, 3, 643
Let i(c) = -8879*c - 63. Let w be i(3). What are the prime factors of (-1)/(-7) + w/(-84)?
2, 3, 53
Let 